{"id":56,"date":"2023-07-11T17:19:04","date_gmt":"2023-07-11T17:19:04","guid":{"rendered":"http:\/\/193.194.89.175\/wp_ltse\/?page_id=56"},"modified":"2023-07-11T17:20:33","modified_gmt":"2023-07-11T17:20:33","slug":"equipe-2-phenomenes-de-transport-cristallogenese-et-systemes-energetiques-alternatifs","status":"publish","type":"page","link":"https:\/\/ltse.usthb.dz\/index.php\/equipes-de-recherche\/equipe-2-phenomenes-de-transport-cristallogenese-et-systemes-energetiques-alternatifs\/","title":{"rendered":"Equipe 2: Ph\u00e9nom\u00e8nes de Transport, Cristallogen\u00e8se et Syst\u00e8mes Energ\u00e9tiques Alternatifs"},"content":{"rendered":"\n<p><strong>Chef d&#8217;\u00e9quipe<\/strong><\/p>\n\n\n\n<p>Faiza MOKHTARI (Pr.) <\/p>\n\n\n\n<p><strong>Membres de l&#8217;\u00e9quipe <\/strong><\/p>\n\n\n\n<figure class=\"wp-block-table\"><table><tbody><tr><td>Noms et Pr\u00e9noms<\/td><td>Dernier dipl\u00f4me<\/td><td>Grade<\/td><td>Structure de rattachement<\/td><\/tr><tr><td>MOKHTARI Faiza<\/td><td>Habilitation<\/td><td>Pr. <\/td><td>USTHB<\/td><\/tr><tr><td>AOUATTOU Nabila<\/td><td>Magister<\/td><td>MAA<\/td><td>USTHB<\/td><\/tr><tr><td>BOUZOUAOUI Yahia Zakaria<\/td><td>Doctorat<\/td><td>MAB<\/td><td>USTHB<\/td><\/tr><tr><td>LASLOUDJI Idir<\/td><td>Doctorat<\/td><td>MAB<\/td><td>USTHB<\/td><\/tr><tr><td>BOUARAB Samia<\/td><td>Doctorat<\/td><td>MAA<\/td><td>U. Boumerd\u00e8s<\/td><\/tr><tr><td>AMOURA Tarik<\/td><td>Magister<\/td><td>MAA, Doc. <\/td><td><\/td><\/tr><tr><td>MERABET Narimene<\/td><td>Doctorat<\/td><td>MAB<\/td><td>ENS-SMAL<\/td><\/tr><tr><td>CHAIB DRAA Azzeddine<\/td><td>Master<\/td><td>Doc. <\/td><td>USTHB<\/td><\/tr><tr><td>TEDJIZA Karima<\/td><td>Master<\/td><td>Doc. <\/td><td>USTHB<\/td><\/tr><\/tbody><\/table><\/figure>\n\n\n\n<p><strong>Axes de recherche<\/strong><\/p>\n\n\n\n<ul>\n<li>Transfert de chaleur et de masse, s\u00e9gr\u00e9gation des impuret\u00e9s et changement de phase<\/li>\n\n\n\n<li>Proc\u00e9d\u00e9s de croissance cristalline<\/li>\n\n\n\n<li>M\u00e9taux liquide et magn\u00e9toconvection<\/li>\n\n\n\n<li>Syst\u00e8mes \u00e9nerg\u00e9tiques alternatifs et durables<\/li>\n<\/ul>\n","protected":false},"excerpt":{"rendered":"<p>Chef d&#8217;\u00e9quipe Faiza MOKHTARI (Pr.) Membres de l&#8217;\u00e9quipe Noms et Pr\u00e9noms Dernier dipl\u00f4me Grade Structure de rattachement MOKHTARI Faiza Habilitation Pr. USTHB AOUATTOU Nabila Magister MAA USTHB BOUZOUAOUI Yahia Zakaria Doctorat MAB USTHB LASLOUDJI Idir Doctorat MAB USTHB BOUARAB Samia <span class=\"readmore\"><a href=\"https:\/\/ltse.usthb.dz\/index.php\/equipes-de-recherche\/equipe-2-phenomenes-de-transport-cristallogenese-et-systemes-energetiques-alternatifs\/\">Continue Reading<\/a><\/span><\/p>\n","protected":false},"author":1,"featured_media":0,"parent":8,"menu_order":0,"comment_status":"closed","ping_status":"closed","template":"","meta":[],"_links":{"self":[{"href":"https:\/\/ltse.usthb.dz\/index.php\/wp-json\/wp\/v2\/pages\/56"}],"collection":[{"href":"https:\/\/ltse.usthb.dz\/index.php\/wp-json\/wp\/v2\/pages"}],"about":[{"href":"https:\/\/ltse.usthb.dz\/index.php\/wp-json\/wp\/v2\/types\/page"}],"author":[{"embeddable":true,"href":"https:\/\/ltse.usthb.dz\/index.php\/wp-json\/wp\/v2\/users\/1"}],"replies":[{"embeddable":true,"href":"https:\/\/ltse.usthb.dz\/index.php\/wp-json\/wp\/v2\/comments?post=56"}],"version-history":[{"count":1,"href":"https:\/\/ltse.usthb.dz\/index.php\/wp-json\/wp\/v2\/pages\/56\/revisions"}],"predecessor-version":[{"id":58,"href":"https:\/\/ltse.usthb.dz\/index.php\/wp-json\/wp\/v2\/pages\/56\/revisions\/58"}],"up":[{"embeddable":true,"href":"https:\/\/ltse.usthb.dz\/index.php\/wp-json\/wp\/v2\/pages\/8"}],"wp:attachment":[{"href":"https:\/\/ltse.usthb.dz\/index.php\/wp-json\/wp\/v2\/media?parent=56"}],"curies":[{"name":"wp","href":"https:\/\/api.w.org\/{rel}","templated":true}]}}