{"id":148,"date":"2023-07-13T14:07:44","date_gmt":"2023-07-13T14:07:44","guid":{"rendered":"http:\/\/193.194.89.175\/wp_ltse\/?page_id=148"},"modified":"2023-07-13T18:38:24","modified_gmt":"2023-07-13T18:38:24","slug":"theses-de-master","status":"publish","type":"page","link":"https:\/\/ltse.usthb.dz\/index.php\/formations-theses-soutenues\/theses-de-master\/","title":{"rendered":"Th\u00e8ses de Master"},"content":{"rendered":"\n<ul>\n<li>Dalil Anis et Guarmir .&#8221;Investigation num\u00e9rique du contr\u00f4le passif par tige cylindrique de l\u2019\u00e9coulement autour d\u2019un pro\ufb01l de pale d\u2019\u00e9olienne.&#8221; D\u00e9partement des sciences de la mati\u00e8re, Universit\u00e9 d\u2019Alger 1, Ben Youcef Benkhedda, 2023.<\/li>\n\n\n\n<li>H.E. CHELALI. &#8220;Contribution \u00e0 la mod\u00e9lisation des syst\u00e8mes \u00e9nerg\u00e9tiques&#8221; M\u00e9moire de master, USTHB, Alger, Juin 2023.<\/li>\n\n\n\n<li>AYADI Rayane, Contr\u00f4le du transfert thermique et l\u2019\u00e9coulement du fluide pour l\u2019am\u00e9lioration de la qualit\u00e9 du cristal, USTHB, Alger, 2023. <\/li>\n\n\n\n<li>KHEMMAL Farida, investigation de l\u2019effet du profil de la pale d\u2019un a\u00e9rog\u00e9n\u00e9rateur a axe vertical de type savonius, USTHB, Alger, 2023. <\/li>\n\n\n\n<li>Abdelmonaim Halmous.&#8221;Investigation num\u00e9rique du control actif de l\u2019\u00e9coulement autour d\u2019un pro\ufb01l de pale d\u2019\u00e9olienne par jet synth\u00e9tique.&#8221; Facult\u00e9 de Technologie, Universit\u00e9 de Blida 1, 2022. <\/li>\n\n\n\n<li>Bouzid Mohamed Nadir, Analyse exp\u00e9rimentale multi-\u00e9chelles de l&#8217;\u00e9coulement entre deux sph\u00e8res concentriques en rotation par polarographie, USTHB, Alger, 2022. <\/li>\n\n\n\n<li>AID Yasmine, Simulation num\u00e9rique du transfert de chaleur et de l\u2019ecoulement dans un four de croissance cristalline de type czochralski (cz), 2022. <\/li>\n\n\n\n<li>Latiki Imene, Amara Ouardian, Etude exp\u00e9rimentale des instabilit\u00e9s hydrodynamiques dans un \u00e9coulement entre deux sph\u00e8res en rotation, utilisation de la technique polarographique, USTHB, Alger, 2021.<\/li>\n\n\n\n<li>K. FRIK, AE. DJERBI. &#8220;\u00c9tude des performances de la turbine \u00e0 gaz de la station de compression nord de Hassi Rmel&#8221; M\u00e9moire de master, USTHB, Alger, Juillet 2019.<\/li>\n\n\n\n<li>Y. BENBELKACEM, T. DERBAL. &#8220;Application du cycle de r\u00e9g\u00e9n\u00e9ration au foctionnement de la centrale \u00e9lectrique d\u2019El Hamma&#8221; M\u00e9moire de master, USTHB, Alger, Juillet 2019.<\/li>\n\n\n\n<li>Sawadogo Mohamed: Etude exp\u00e9rimental et num\u00e9rique des instabilit\u00e9s hydrodynamiques dans un \u00e9coulement entre deux sph\u00e8res verticales et inclin\u00e9es, utilisation de la technique polarographique, USTHB, Alger 2018. <\/li>\n\n\n\n<li>12 \u00e8me Congr\u00e8s National de la Physique et de ses Applications, CNPA 2018 : \u00ab Etude exp\u00e9rimentale par m\u00e9thode \u00e9lectrochimique de l\u2019\u00e9coulement de deux fluides non miscibles dans le syst\u00e8me de Taylor-Couette cylindrique. <\/li>\n\n\n\n<li>O. KERDALI. &#8220;Am\u00e9lioration des performences d\u2019une turbine \u00e0 gaz&#8221; M\u00e9moire de master, USTHB, Alger, Juin 2017.<\/li>\n\n\n\n<li>Chaachoua Ilyas, Etude exp\u00e9rimental d\u2019un \u00e9coulement entre deux sph\u00e8res concentriques en rotation, USTHB, Alger 2017. <\/li>\n\n\n\n<li> <\/li>\n<\/ul>\n","protected":false},"excerpt":{"rendered":"","protected":false},"author":1,"featured_media":0,"parent":12,"menu_order":0,"comment_status":"closed","ping_status":"closed","template":"","meta":[],"_links":{"self":[{"href":"https:\/\/ltse.usthb.dz\/index.php\/wp-json\/wp\/v2\/pages\/148"}],"collection":[{"href":"https:\/\/ltse.usthb.dz\/index.php\/wp-json\/wp\/v2\/pages"}],"about":[{"href":"https:\/\/ltse.usthb.dz\/index.php\/wp-json\/wp\/v2\/types\/page"}],"author":[{"embeddable":true,"href":"https:\/\/ltse.usthb.dz\/index.php\/wp-json\/wp\/v2\/users\/1"}],"replies":[{"embeddable":true,"href":"https:\/\/ltse.usthb.dz\/index.php\/wp-json\/wp\/v2\/comments?post=148"}],"version-history":[{"count":16,"href":"https:\/\/ltse.usthb.dz\/index.php\/wp-json\/wp\/v2\/pages\/148\/revisions"}],"predecessor-version":[{"id":280,"href":"https:\/\/ltse.usthb.dz\/index.php\/wp-json\/wp\/v2\/pages\/148\/revisions\/280"}],"up":[{"embeddable":true,"href":"https:\/\/ltse.usthb.dz\/index.php\/wp-json\/wp\/v2\/pages\/12"}],"wp:attachment":[{"href":"https:\/\/ltse.usthb.dz\/index.php\/wp-json\/wp\/v2\/media?parent=148"}],"curies":[{"name":"wp","href":"https:\/\/api.w.org\/{rel}","templated":true}]}}